 = 5*y - b*y + 1620. Calculate the remainder when y is divided by (46/(-6))/((-1)/3).
21
Let n = 1150 + -430. Let x = -613 + n. Calculate the remainder when x is divided by 65.
42
Suppose 60 = 649*t - 643*t. Suppose t*u + 26*u - 2304 = 0. What is the remainder when u is divided by 37?
27
Suppose 0 = -4*x + 3*f - f + 12, 0 = -4*x + 5*f + 18. Suppose -5*a = -3*g, g - a = -25 + 23. Calculate the remainder when 1/((x + 2 + g)/(-20)) is divided by 6.
2
Suppose 33*h - 366*h + 1056568 + 1965407 = 0. Calculate the remainder when h is divided by 39.
27
Let i(k) = 8*k**2 - 682*k - 2726. Suppose y + 4*r = 24, -4*y - 3*r + 33 = -2*y. Calculate the remainder when i(-4) is divided by y.
10
Suppose -88 + 97 = 9*f, 0 = m + 4*f - 76. Calculate the remainder when m is divided by (-1 - 0)*(-1 + -40).
31
Suppose -5*a - 977 = -j, a - 2*a = -2*j + 190. What is the remainder when 12 is divided by a/(-32) + 1/(-8)?
0
Suppose 16 = 3*r - h, -3*r + 4*h + 22 = 2*r. Let d(x) = x**3 - 26*x**2 + 4*x - 90. Calculate the remainder when d(26) is divided by r.
2
Suppose h = 4*x - 2473, 0 = -2*x - 2*x - 4*h + 2448. What is the remainder when x is divided by 8?
1
Let a(w) = 2*w**2 - 4*w - 57. Let o be a(9). Let i = -50 + o. Calculate the remainder when 90 is divided by i.
14
Suppose -118 = -5*h - 2*b, 5*h + 22*b = 21*b + 119. Calculate the remainder when 3662 is divided by h.
14
Let b(c) = 10*c**3 - 12*c**2 + 2*c - 124. What is the remainder when b(7) is divided by 909?
5
What is the remainder when -13 + 13 + (2/3)/((-22)/(-293337)) is divided by 17?
15
Suppose -5*s + 480 = 3*s. Suppose 22*o = 39*o + 102. What is the remainder when s*(14/o + 3) is divided by 11?
7
Let q(w) = -152 - 129 + 19*w + 421. What is the remainder when q(0) is divided by 36?
32
What is the remainder when 392739/186 + (78/(-28) - (-2)/7) is divided by 88?
85
Calculate the remainder when 795 is divided by -1*(-385 - 20/35*14).
9
What is the remainder when (837/186)/(2/716) is divided by 62?
61
Let t(n) = n**3 + 3*n**2 - 4*n + 2. Let z be t(-5). Calculate the remainder when (-2)/(4/1)*(35 + -103) is divided by z/(-3) + 2/(-6).
7
Suppose 179*u - 182*u = -249. Suppose 0 = 4*s - 9*x + 4*x - 91, -5*s - 4*x = -u. Calculate the remainder when 19 is divided by s.
0
Suppose -679 = -4*m + 17. Suppose -m = 11*u - 8*u. Let o = -3 - u. What is the remainder when o is divided by 7?
6
What is the remainder when 295/1 + (-56)/10 + 234/390 is divided by 18?
2
Suppose -15139*w + 15093*w + 5244 = 0. What is the remainder when 2383 is divided by w?
103
Suppose d = 4*d - 2776 + 199. What is the remainder when d is divided by 51?
43
Suppose -261*y = 284*y - 599*y + 35370. Calculate the remainder when y is divided by 55.
50
Let v(j) = -17 - 16283*j + 16290*j - 3. What is the remainder when v(14) is divided by 35?
8
Let p = 19 - 34. Let i(s) = 25 - 911*s**2 + 912*s**2 - 12*s + 23*s. What is the remainder when i(p) is divided by 11?
8
Let t be (3/15 - (-72)/40)*2. Suppose -t*c = h - 5*c - 11, h + 4*c - 21 = 0. Let r = -18 + 55. What is the remainder when r is divided by h?
11
Let m = 1195 - 1146. What is the remainder when 241 is divided by m?
45
Let d = 66 - 43. Suppose -n = -8 - 2. What is the remainder when d is divided by 195/6*n/25?
10
Suppose -16*q = -13*q - 936. Suppose -4*u = -76 - q. Let l = 109 - u. Calculate the remainder when 22 is divided by l.
10
Let l = 167 - 150. Suppose 232 + 91 = l*z. Calculate the remainder when z is divided by 5.
4
Suppose -4*d + 90 = 3*o, 0 = 4*o - 4*d - 28 - 92. Let r = 1 + 2. Suppose -44 = r*l - 311. What is the remainder when l is divided by o?
29
Let c = -140 - -146. Suppose -4*z + 4*y = -40, 2*z + c*y + 8 = y. Suppose -g + 4*f = -z*g + 92, -2*g - 4*f = -44. What is the remainder when 52 is divided by g?
4
Suppose 24*t - 1425 = -26*t - 7*t. What is the remainder when 2221 is divided by t?
21
Let i(z) = 4*z**3 - 3*z**2 + 4*z - 2. Let x = -66 + 60. Let b(m) = m**2 + 4*m - 9. Let t be b(x). Calculate the remainder when i(t) is divided by 31.
29
Suppose 0 = 15*o - 3689 - 886. Let m = 336 - o. Calculate the remainder when 87 is divided by m.
25
Suppose -9*i = -5*i + 2*a - 136, -4*i - 5*a + 130 = 0. Let k(u) = -2*u + 0*u + 0 + 3*u + 4. What is the remainder when i is divided by k(-2)?
1
Let y = 3 - -2. Suppose 0 = -4*l + d + 21, -56 = 34*l - 38*l + 8*d. Suppose -b = y*u - 0*b - 33, -l = 2*b. Calculate the remainder when 11 is divided by u.
4
Let x = -29 + 48. Let v be (-7254)/48 - 5 - 1/(-8). Let q = -127 - v. Calculate the remainder when q is divided by x.
10
Suppose 15*f + 190 + 410 = 0. Let t = f + 10. Calculate the remainder when 39 is divided by (t/4)/((-2)/4).
9
Let c = -103 - -87. Let x be c/(-6)*18/24. Suppose x*l + 6 = 0, 0*w = 3*w - 4*l - 105. Calculate the remainder when 122 is divided by w.
29
Let r(i) = -i + 6. Let u be r(5). Let w = 205 - 177. Calculate the remainder when w is divided by u/((-124)/(-40) + -3).
8
Suppose -64 + 16 = -3*f. Let d(o) be the second derivative of -28*o**3/3 - 17*o**2 + o + 46. Calculate the remainder when d(-2) is divided by f.
14
Let t = -1373 + 1684. What is the remainder when t is divided by 44?
3
Suppose -w = 4*y - 3932, y + 1981*w - 965 = 1983*w. What is the remainder when y is divided by 74?
19
Suppose 0 = 9*f - 2*f - 1503 + 362. What is the remainder when 482 is divided by f?
156
Suppose -w + 5 - 9 = -5*t, -w + t + 24 = 0. Calculate the remainder when w is divided by 10/(-1 - -2 - 0).
1
Suppose -4*d - 2*o = -62, 3*o - 10 = -1. Suppose 0 = d*s - 13*s - 69. Calculate the remainder when s is divided by 14.
13
Suppose 15 = -5*b, -5*k = 5*b - 192 - 113. What is the remainder when 638 is divided by k?
62
Suppose -10491 = -9*j - 483. Calculate the remainder when j is divided by 53.
52
Let o(m) = -m**2 - 7*m + 2. Let x(y) = -y**3 + 2*y**2 - 3*y + 6. Let r be x(2). Suppose 3*w - 2*w - 4 = r. What is the remainder when o(-4) is divided by w?
2
Suppose -b + 102 + 238 = -s, -4*s - 686 = -2*b. What is the remainder when b is divided by 80?
17
Suppose i = 4*i + g + 15, -4*g = 2*i. Let m be i/((-1)/62*4). Suppose 2*n - 8 = 0, -25 = -3*l - 4*n + m. Calculate the remainder when l is divided by 6.
4
Let b(i) be the third derivative of -i**6/120 + 13*i**5/30 - 15*i**4/8 - 22*i**3/3 + 75*i**2. Calculate the remainder when 189 is divided by b(24).
21
What is the remainder when 400 is divided by 363/(-22)*(-11)/((-132)/(-32))?
4
Let u = 103119 - 103091. What is the remainder when (-1*1)/(2/(-274)) is divided by u?
25
Let b(d) = 3*d**2 - 22*d - 117. Calculate the remainder when 1203 is divided by b(11).
3
Let d(m) = -m**2 - 19*m + 94. Let c be d(-23). Suppose -5*b = 2*y - 27 - 33, c*y = 10. Calculate the remainder when 87 is divided by b.
7
Let w(z) = z - 3. Let v be w(1). Let c(m) = 4*m + 19. Let g = -35 + 77. Calculate the remainder when g is divided by c(v).
9
Let g be (-2755)/(-4) - 12/48*-1. Suppose 30*y - 4379 = -g. Calculate the remainder when y is divided by 49.
25
Let l(b) = b**3 - 9*b**2 + 11*b + 8. Suppose -8*w + 9*w - 51 = -2*g, 0 = -3*w + 4*g + 183. Calculate the remainder when l(9) is divided by w.
50
Let h(w) = -3*w**3 + w + 23. Suppose -2*n - 5*n - 6*n = 0. What is the remainder when 34 is divided by h(n)?
11
Suppose -27*t + 3027 = -1023. Calculate the remainder when 512 is divided by t.
62
Let g = 360 + -192. Suppose -16*p - g = -28*p. What is the remainder when 66 is divided by p?
10
Let a = -18164 - -18229. Calculate the remainder when 266 is divided by a.
6
Suppose 3*z - 89 + 134 = 0. Calculate the remainder when (z/6 - -4)/(15/1320) is divided by 51.
30
Suppose -19*r - 191 = -1692. Calculate the remainder when 784 is divided by r.
73
Suppose -666 = 15*l - 14*l. Let x = 365 + l. Let q = -211 - x. What is the remainder when q is divided by 23?
21
Let v = -15489 + 19344. Calculate the remainder when v is divided by 16.
15
What is the remainder when 318 is divided by (8/28 - 1004/(-14)) + 7?
2
Suppose -6*j = -3*q - 10*j + 593, 3*q = 4*j + 553. Let m(v) = v**3 + 7*v**2 - 1. Calculate the remainder when q is divided by m(-5).
44
Suppose -4*f - 3310 = -166*o + 164*o, 5*f = -3*o + 5009. What is the remainder when o is divided by 829?
5
Let x = 46 - 25. Let y be (0 + (-131)/(-4))/(1/(-4)). Let b = y + 170. What is the remainder when b is divided by x?
18
L